0110100011100100101
What is -263630 (base 9) in base 15?
-326c9
What is 7a360 (base 11) in base 4?
130120002
1302431 (base 10) to base 9
2404535
-215556 (base 10) to base 4
-310220010
Convert -231b4 (base 13) to base 10.
-64029
Convert 702672 (base 8) to base 7.
1651003
-2130446 (base 7) to base 4
-333113102
What is -1123555 (base 6) in base 16?
-e21f
Convert -203120121 (base 4) to base 13.
-50c6a
Convert 16245435 (base 7) to base 13.
431916
Convert 100212222111002 (base 3) to base 4.
110002331021
-315023145 (base 6) to base 4
-111030102221
What is 1353543 (base 6) in base 15?
17d99
What is -397438 (base 13) in base 15?
-1c5e8a
Convert 162837 (base 9) to base 8.
304313
Convert 579b7 (base 12) to base 13.
41473
Convert 32330200 (base 4) to base 13.
21b2c
What is -10401014 (base 5) in base 11?
-62209
Convert 103303001032 (base 4) to base 11.
2a25119
What is -1131 (base 14) in base 11?
-2272
What is 13323301034 (base 5) in base 4?
1000320231233
Convert 27d7b (base 15) to base 8.
371654
What is 153243 (base 9) in base 3?
11210021110
What is 25d45 (base 15) in base 13?
43187
What is 2017525 (base 9) in base 7?
12065015
What is 159ebe (base 15) in base 8?
3773274
124143133 (base 6) to base 13
675672
-2021900 (base 11) to base 6
-204342040
Convert -10242022414 (base 5) to base 8.
-51431712
Convert e9e3 (base 16) to base 6.
1141111
Convert 124255555 (base 6) to base 13.
679b95
What is -1523085 (base 9) in base 16?
-cd958
214b67 (base 12) to base 15
a621a
-1536056 (base 7) to base 6
-4304442
What is -20120112122102 (base 3) in base 10?
-3494567
Convert dada9 (base 14) to base 11.
331945
-100320222 (base 4) to base 6
-1252110
Convert -7cd69 (base 15) to base 5.
-100213044
Convert 10000011010011110000 (base 2) to base 6.
15310000
What is 57208a3 (base 11) in base 7?
151062532
Convert 1203334220 (base 5) to base 10.
2793060
-1c717 (base 15) to base 4
-112220302
Convert -31122110 (base 4) to base 15.
-11422
What is -34034311 (base 5) in base 16?
-49143
-53a9573 (base 11) to base 14
-139417a
What is 852860 (base 10) in base 6?
30140232
What is -1670530 (base 9) in base 4?
-3203203332
2371028 (base 9) to base 5
312133321
Convert 4431301 (base 5) to base 12.
38730
What is -20b185 (base 12) in base 9?
-867062
Convert -12466260 (base 7) to base 11.
-710564
Convert 3f6cbd (base 16) to base 15.
5718c0
-d683 (base 15) to base 5
-2422343
What is -6128c (base 15) in base 7?
-2421051
Convert 277768 (base 9) to base 15.
35472
What is -57186 (base 10) in base 8?
-157542
-210000001022 (base 3) to base 2
-1100100111011000010
Convert -3480b (base 15) to base 3.
-22111100002
What is 8a181b (base 12) in base 13?
5c0a26
-357271 (base 10) to base 5
-42413041
9b1e3 (base 16) to base 13
193271
Convert -19198 (base 12) to base 3.
-1212010122
Convert -4234315 (base 8) to base 13.
-306956
Convert -2071693 (base 11) to base 13.
-9a9457
785166 (base 11) to base 12
504199
Convert -33331113 (base 4) to base 14.
-19b71
Convert -4e33c (base 15) to base 12.
-100b56
What is -20002221122100 (base 3) in base 11?
-1918330
What is -159524 (base 11) in base 14?
-65d74
Convert -787630 (base 10) to base 3.
-1111000102111
Convert -21152231 (base 6) to base 13.
-189a4b
18e92e (base 15) to base 6
42002542
2225310 (base 9) to base 15
189e69
-a0107 (base 13) to base 10
-285786
Convert -12ad0 (base 16) to base 7.
-436010
Convert -b79c9 (base 13) to base 8.
-1206744
-302348 (base 11) to base 6
-14231022
What is -14256a (base 11) in base 13?
-7a638
What is 2003232132 (base 4) in base 13?
15b77b
Convert -60423 (base 9) to base 8.
-115437
Convert 13300111010 (base 4) to base 3.
10211021200222
-101000020 (base 4) to base 6
-1254224
Convert -31659 (base 15) to base 2.
-100110010000001100
What is -152441 (base 9) in base 3?
-11202111101
-4056002 (base 7) to base 6
-14215445
What is 312362 (base 9) in base 16?
2d479
Convert -3414121 (base 7) to base 11.
-26a626
What is -3214386 (base 9) in base 8?
-6443553
1102122030 (base 4) to base 5
41300143
What is -11242413 (base 5) in base 11?
-70308
1580969 (base 11) to base 12
a9b804
What is 2147d7 (base 16) in base 11?
125a74a
Convert -2783086 (base 9) to base 14.
-2bbd18
What is 166a0b (base 12) in base 4?
1132000223
Convert -12410731 (base 8) to base 7.
-32302065
1145445 (base 7) to base 14
3b2cc
Convert 1b0cc2b (base 13) to base 14.
1289b6d
122333302131 (base 4) to base 11
3aa4086
122306 (base 10) to base 2
11101110111000010
Convert -1311404 (base 10) to base 14.
-261cba
What is 979725 (base 10) in base 16?
ef30d
Convert -2547101 (base 8) to base 6.
-23102305
-1e657 (base 16) to base 9
-208706
-10778 (base 12) to base 6
-245032
Convert 5500016 (base 7) to base 2.
10100100001000100101
What is 758c4e (base 16) in base 8?
35306116
What is -333023121 (base 5) in base 8?
-5431302
What is 1085670 (base 9) in base 11?
371958
What is -130513320 (base 6) in base 16?
-271170
Convert 4d706 (base 14) to base 3.
100200121111
Convert -16846d (base 14) to base 3.
-1111012020222
-2204005 (base 7) to base 5
-32122124
What is 36843b (base 13) in base 5?
313203142
What is 233214202 (base 5) in base 3?
2000100122221
-a46119 (base 11) to base 16
-199791
1210010211 (base 3) to base 15
a5ea
Convert -3103204111 (base 5) to base 11.
-3616037
Convert -222011101222022 (base 3) to base 5.
-12024413243
Convert -10010101101110010010101 (base 2) to base 4.
-102231302111
What is -31210b (base 13) in base 6?
-40330130
What is -110001010100001100110 (base 2) in base 11?
-a04118
-1421140124 (base 5) to base 9
-6848055
242aa85 (base 11) to base 12
1500759
Convert -30220330211 (base 4) to base 5.
-1322012240
111010001101001111001 (base 2) to base 5
442013241
-10003003012 (base 4) to base 11
-665212
What is -111110100110011110 (base 2) in base 13?
-8c932
What is -37240814 (base 9) in base 8?
-105366155
Convert -153441 (base 7) to base 9.
-45216
Convert 215c134 (base 13) to base 5.
10102204132
What is -2048757 (base 11) in base 9?
-6716384
-3545939 (base 11) to base 4
-113212110300
What is -24223313 (base 5) in base 13?
-7c261
100001100001101101001 (base 2) to base 12
44b921
Convert -25321 (base 6) to base 15.
-11cd
What is 2500551 (base 7) in base 14?
84698
949193 (base 14) to base 3
100102222220122
Convert -7443336 (base 8) to base 6.
-110310114
What is 1a8bcd2 (base 14) in base 4?
302202111100
What is -2201923 (base 10) in base 3?
-11010212110201
What is -2ba144 (base 12) in base 9?
-1352467
Convert -1120220230 (base 4) to base 13.
-c9331
What is -57e126 (base 16) in base 14?
-a9cc06
What is b6b9d0 (base 15) in base 9?
17323866
What is -14a7b (base 14) in base 12?
-25945
Convert 547425 (base 10) to base 15.
ac300
Convert 401b (base 14) to base 2.
10101011111001
Convert 15442616 (base 8) to base 11.
200a26a
What is 233101011032 (base 4) in base 10?
12390734
What is -11000010010010110110010 (base 2) in base 4?
-120102112302
What is -167cd4a (base 14) in base 4?
-222030123012
9788b (base 12) to base 13
70040
Convert 12246016 (base 7) to base 4.
10031210002
Convert -166056124 (base 7) to base 2.
-101011100101100100100011
What is 120221220 (base 4) in base 14?
28b20
What is -2111021214 (base 5) in base 13?
-baa169
Convert -1ea56a (base 16) to base 6.
-111014134
What is -26424435 (base 7) in base 4?
-21100123230
Convert -1202100 (base 4) to base 8.
-14220
-3725233 (base 8) to base 16
-faa9b
What is a1950 (base 11) in base 10?
148885
-1111001200 (base 4) to base 9
-580641
What is -7792042 (base 10) in base 6?
-435002134
Convert -6a085 (base 16) to base 5.
-102344214
Convert -13271 (base 16) to base 10.
-78449
43414531 (base 6) to base 7
13664122
Convert -5092353 (base 10) to base 4.
-103123100001
-10130255 (base 8) to base 4
-20023002231
Convert 1433223130 (base 5) to base 10.
3804790
-73cb7 (base 13) to base 14
-560ac
Convert -53152725 (base 8) to base 10.
-11326933
Convert -32642532 (base 7) to base 11.
-1654777
-509a6 (base 11) to base 2
-10010001010101010
What is -134114103 (base 5) in base 10?
-691778
What is -4203c (base 14) in base 7?
-1232105
Convert -63676732 (base 8) to base 16.
-cf7dda
Convert 659ee (base 16) to base 11.
2647a9
What is -461416 (base 8) in base 9?
-257521
-21b66b (base 12) to base 8
-2033363
3330535 (base 7) to base 6
12450014
What is 8a2a55 (base 12) in base 16?
219d61
Conv